{"id":164,"date":"2018-04-22T03:52:31","date_gmt":"2018-04-22T03:52:31","guid":{"rendered":"http:\/\/sindicatodesalud.org.mx\/?page_id=164"},"modified":"2018-05-02T20:17:20","modified_gmt":"2018-05-02T20:17:20","slug":"himno","status":"publish","type":"page","link":"https:\/\/sindicatodesalud.org.mx\/?page_id=164","title":{"rendered":"Himno del S.N.T.S.A."},"content":{"rendered":"\t\t<div data-elementor-type=\"wp-post\" data-elementor-id=\"164\" class=\"elementor elementor-164 elementor-bc-flex-widget\" data-elementor-settings=\"[]\">\n\t\t\t\t\t\t<div class=\"elementor-inner\">\n\t\t\t\t\t\t\t<div class=\"elementor-section-wrap\">\n\t\t\t\t\t\t\t<section class=\"elementor-section elementor-top-section elementor-element elementor-element-218edf6e elementor-section-boxed elementor-section-height-default elementor-section-height-default\" data-id=\"218edf6e\" data-element_type=\"section\">\n\t\t\t\t\t\t<div class=\"elementor-container elementor-column-gap-default\">\n\t\t\t\t\t\t\t<div class=\"elementor-row\">\n\t\t\t\t\t<div class=\"elementor-column elementor-col-100 elementor-top-column elementor-element elementor-element-2a9827a5\" data-id=\"2a9827a5\" data-element_type=\"column\">\n\t\t\t<div class=\"elementor-column-wrap elementor-element-populated\">\n\t\t\t\t\t\t\t<div class=\"elementor-widget-wrap\">\n\t\t\t\t\t\t<div class=\"elementor-element elementor-element-75e6c117 elementor-widget elementor-widget-text-editor\" data-id=\"75e6c117\" data-element_type=\"widget\" data-widget_type=\"text-editor.default\">\n\t\t\t\t<div class=\"elementor-widget-container\">\n\t\t\t\t\t\t\t\t<div class=\"elementor-text-editor elementor-clearfix\">\n\t\t\t\t\t<h2 style=\"text-align: center;\">\u00a0<\/h2><p style=\"text-align: center;\">Letra y M\u00fasica: Dr. Luis M\u00e9ndez Vera<\/p><p style=\"padding-left: 30px;\">ES EL HIMNO DE NUESTRO SINDICATO<\/p><p style=\"padding-left: 30px;\">DE LA SECRETAR\u00cdA DE SALUD<\/p><p style=\"padding-left: 30px;\">DONDE TODOS UNIDOS LUCHAREMOS<\/p><p style=\"padding-left: 30px;\">POR EL BIEN DEL TRABAJADOR.<\/p><p style=\"padding-left: 30px;\">\u00a0<\/p><p style=\"padding-left: 30px;\">AS\u00cd JUNTOS, CONSCIENTES, RESPONSABLES<\/p><p style=\"padding-left: 30px;\">CON AMOR EL TRABAJO REALIZAR<\/p><p style=\"padding-left: 30px;\">CON AF\u00c1N, CON TES\u00d3N Y CONSTANCIA<\/p><p style=\"padding-left: 30px;\">POR LOGRAR UN M\u00c9XICO MEJOR.<\/p><p style=\"padding-left: 30px;\">\u00a0<\/p><p style=\"padding-left: 30px;\">LA LEALTAD ES GRANDEZA DEL HOMBRE<\/p><p style=\"padding-left: 30px;\">Y CON \u00c9STE EN LA LUCHA ESTAR\u00c1<\/p><p style=\"padding-left: 30px;\">LA NACI\u00d3N QUE TODOS ANHELAMOS<\/p><p style=\"padding-left: 30px;\">SEA UN EMBLEMA DE LIBERTAD.<\/p><p style=\"padding-left: 30px;\">\u00a0<\/p><p style=\"padding-left: 30px;\">ENTENDAMOS QUE UNIDOS, MEXICANOS<\/p><p style=\"padding-left: 30px;\">ES LA FORMA EN QUE SE HA DE EDIFICAR<\/p><p style=\"padding-left: 30px;\">ESA PATRIA QUE A TODOS NUESTROS HIJOS<\/p><p style=\"padding-left: 30px;\">CON AMOR DEBEMOS HEREDAR.<\/p><p style=\"padding-left: 30px;\">\u00a0<\/p><p style=\"padding-left: 30px;\">LA LEALTAD ES LA GRANDEZA DEL HOMBRE<\/p><p style=\"padding-left: 30px;\">Y CON \u00c9STE EN LA LUCHA ESTAR\u00c1<\/p><p style=\"padding-left: 30px;\">LA NACI\u00d3N QUE TODOS ANHELAMOS<\/p><p style=\"padding-left: 30px;\">SEA UN EMBLEMA DE LIBERTAD.<\/p><p style=\"padding-left: 30px;\">\u00a0<\/p><p style=\"padding-left: 30px;\">FORJADOS EN LA LUCHA Y EL TRABAJO<\/p><p style=\"padding-left: 30px;\">CUALQUIER COSA HABREMOS DE VENCER<\/p><p style=\"padding-left: 30px;\">CON AF\u00c1N, CON TES\u00d3N Y CONSTANCIA<\/p><p style=\"padding-left: 30px;\">POR LOGRAR UN M\u00c9XICO MEJOR.<\/p><p style=\"padding-left: 30px;\">\u00a0<\/p><p><!--[if lt IE 9]><script>document.createElement('audio');<\/script><![endif]-->\n<audio class=\"wp-audio-shortcode\" id=\"audio-164-1\" preload=\"none\" style=\"width: 100%;\" controls=\"controls\"><source type=\"audio\/mpeg\" src=\"http:\/\/localhost\/wordpress\/wp-content\/uploads\/2018\/04\/Background-Music.mp3?_=1\" \/><a href=\"http:\/\/localhost\/wordpress\/wp-content\/uploads\/2018\/04\/Background-Music.mp3\">http:\/\/localhost\/wordpress\/wp-content\/uploads\/2018\/04\/Background-Music.mp3<\/a><\/audio><\/p><p style=\"padding-left: 30px;\">\u00a0<\/p><p style=\"padding-left: 30px;\">\u00a0<\/p>\t\t\t\t\t<\/div>\n\t\t\t\t\t\t<\/div>\n\t\t\t\t<\/div>\n\t\t\t\t\t\t<\/div>\n\t\t\t\t\t<\/div>\n\t\t<\/div>\n\t\t\t\t\t\t\t\t<\/div>\n\t\t\t\t\t<\/div>\n\t\t<\/section>\n\t\t\t\t\t\t<\/div>\n\t\t\t\t\t\t<\/div>\n\t\t\t\t\t<\/div>\n\t\t","protected":false},"excerpt":{"rendered":"<p>\u00a0 Letra y M\u00fasica: Dr. Luis M\u00e9ndez Vera ES EL HIMNO DE NUESTRO SINDICATO DE LA SECRETAR\u00cdA DE SALUD DONDE TODOS UNIDOS LUCHAREMOS POR EL BIEN DEL TRABAJADOR. \u00a0 AS\u00cd JUNTOS, CONSCIENTES, RESPONSABLES CON AMOR EL TRABAJO REALIZAR CON AF\u00c1N, CON TES\u00d3N Y CONSTANCIA POR LOGRAR UN M\u00c9XICO MEJOR. \u00a0 LA LEALTAD ES GRANDEZA DEL [&hellip;]<\/p>\n","protected":false},"author":2,"featured_media":0,"parent":0,"menu_order":0,"comment_status":"closed","ping_status":"closed","template":"","meta":{"ngg_post_thumbnail":0},"_links":{"self":[{"href":"https:\/\/sindicatodesalud.org.mx\/index.php?rest_route=\/wp\/v2\/pages\/164"}],"collection":[{"href":"https:\/\/sindicatodesalud.org.mx\/index.php?rest_route=\/wp\/v2\/pages"}],"about":[{"href":"https:\/\/sindicatodesalud.org.mx\/index.php?rest_route=\/wp\/v2\/types\/page"}],"author":[{"embeddable":true,"href":"https:\/\/sindicatodesalud.org.mx\/index.php?rest_route=\/wp\/v2\/users\/2"}],"replies":[{"embeddable":true,"href":"https:\/\/sindicatodesalud.org.mx\/index.php?rest_route=%2Fwp%2Fv2%2Fcomments&post=164"}],"version-history":[{"count":7,"href":"https:\/\/sindicatodesalud.org.mx\/index.php?rest_route=\/wp\/v2\/pages\/164\/revisions"}],"predecessor-version":[{"id":278,"href":"https:\/\/sindicatodesalud.org.mx\/index.php?rest_route=\/wp\/v2\/pages\/164\/revisions\/278"}],"wp:attachment":[{"href":"https:\/\/sindicatodesalud.org.mx\/index.php?rest_route=%2Fwp%2Fv2%2Fmedia&parent=164"}],"curies":[{"name":"wp","href":"https:\/\/api.w.org\/{rel}","templated":true}]}}

<div data-elementor-type="wp-post" data-elementor-id="164" class="elementor elementor-164 elementor-bc-flex-widget" data-elementor-settings="[]">
						<div class="elementor-inner">
							<div class="elementor-section-wrap">
							<section class="elementor-section elementor-top-section elementor-element elementor-element-218edf6e elementor-section-boxed elementor-section-height-default elementor-section-height-default" data-id="218edf6e" data-element_type="section">
						<div class="elementor-container elementor-column-gap-default">
							<div class="elementor-row">
					<div class="elementor-column elementor-col-100 elementor-top-column elementor-element elementor-element-2a9827a5" data-id="2a9827a5" data-element_type="column">
			<div class="elementor-column-wrap elementor-element-populated">
							<div class="elementor-widget-wrap">
						<div class="elementor-element elementor-element-75e6c117 elementor-widget elementor-widget-text-editor" data-id="75e6c117" data-element_type="widget" data-widget_type="text-editor.default">
				<div class="elementor-widget-container">
								<div class="elementor-text-editor elementor-clearfix">
					<h2 style="text-align: center;"> </h2><p style="text-align: center;">Letra y Música: Dr. Luis Méndez Vera</p><p style="padding-left: 30px;">ES EL HIMNO DE NUESTRO SINDICATO</p><p style="padding-left: 30px;">DE LA SECRETARÍA DE SALUD</p><p style="padding-left: 30px;">DONDE TODOS UNIDOS LUCHAREMOS</p><p style="padding-left: 30px;">POR EL BIEN DEL TRABAJADOR.</p><p style="padding-left: 30px;"> </p><p style="padding-left: 30px;">ASÍ JUNTOS, CONSCIENTES, RESPONSABLES</p><p style="padding-left: 30px;">CON AMOR EL TRABAJO REALIZAR</p><p style="padding-left: 30px;">CON AFÁN, CON TESÓN Y CONSTANCIA</p><p style="padding-left: 30px;">POR LOGRAR UN MÉXICO MEJOR.</p><p style="padding-left: 30px;"> </p><p style="padding-left: 30px;">LA LEALTAD ES GRANDEZA DEL HOMBRE</p><p style="padding-left: 30px;">Y CON ÉSTE EN LA LUCHA ESTARÁ</p><p style="padding-left: 30px;">LA NACIÓN QUE TODOS ANHELAMOS</p><p style="padding-left: 30px;">SEA UN EMBLEMA DE LIBERTAD.</p><p style="padding-left: 30px;"> </p><p style="padding-left: 30px;">ENTENDAMOS QUE UNIDOS, MEXICANOS</p><p style="padding-left: 30px;">ES LA FORMA EN QUE SE HA DE EDIFICAR</p><p style="padding-left: 30px;">ESA PATRIA QUE A TODOS NUESTROS HIJOS</p><p style="padding-left: 30px;">CON AMOR DEBEMOS HEREDAR.</p><p style="padding-left: 30px;"> </p><p style="padding-left: 30px;">LA LEALTAD ES LA GRANDEZA DEL HOMBRE</p><p style="padding-left: 30px;">Y CON ÉSTE EN LA LUCHA ESTARÁ</p><p style="padding-left: 30px;">LA NACIÓN QUE TODOS ANHELAMOS</p><p style="padding-left: 30px;">SEA UN EMBLEMA DE LIBERTAD.</p><p style="padding-left: 30px;"> </p><p style="padding-left: 30px;">FORJADOS EN LA LUCHA Y EL TRABAJO</p><p style="padding-left: 30px;">CUALQUIER COSA HABREMOS DE VENCER</p><p style="padding-left: 30px;">CON AFÁN, CON TESÓN Y CONSTANCIA</p><p style="padding-left: 30px;">POR LOGRAR UN MÉXICO MEJOR.</p><p style="padding-left: 30px;"> </p><p><!--[if lt IE 9]><script>document.createElement('audio');</script><![endif]-->
<audio class="wp-audio-shortcode" id="audio-164-1" preload="none" style="width: 100%;" controls="controls"><source type="audio/mpeg" src="http://localhost/wordpress/wp-content/uploads/2018/04/Background-Music.mp3?_=1" /><a href="http://localhost/wordpress/wp-content/uploads/2018/04/Background-Music.mp3">http://localhost/wordpress/wp-content/uploads/2018/04/Background-Music.mp3</a></audio></p><p style="padding-left: 30px;"> </p><p style="padding-left: 30px;"> </p>					</div>
						</div>
				</div>
						</div>
					</div>
		</div>
								</div>
					</div>
		</section>
						</div>
						</div>
					</div>

<p>  Letra y Música: Dr. Luis Méndez Vera ES EL HIMNO DE NUESTRO SINDICATO DE LA SECRETARÍA DE SALUD DONDE TODOS UNIDOS LUCHAREMOS POR EL BIEN DEL TRABAJADOR.   ASÍ JUNTOS, CONSCIENTES, RESPONSABLES CON AMOR EL TRABAJO REALIZAR CON AFÁN, CON TESÓN Y CONSTANCIA POR LOGRAR UN MÉXICO MEJOR.   LA LEALTAD ES GRANDEZA DEL [&hellip;]</p>
